[INFO] cloning repository https://github.com/23marabi/physics-engine
[INFO] running `Command { std: "git" "-c" "credential.helper=" "-c" "credential.helper=/workspace/cargo-home/bin/git-credential-null" "clone" "--bare" "https://github.com/23marabi/physics-engine" "/workspace/cache/git-repos/https%3A%2F%2Fgithub.com%2F23marabi%2Fphysics-engine", kill_on_drop: false }`
[INFO] [stderr] Cloning into bare repository '/workspace/cache/git-repos/https%3A%2F%2Fgithub.com%2F23marabi%2Fphysics-engine'...
[INFO] running `Command { std: "git" "rev-parse" "HEAD", kill_on_drop: false }`
[INFO] [stdout] 961f7134fd37a44f585eb72c6216209811c1ac7d
[INFO] checking 23marabi/physics-engine against try#72f88fc4e9458f89516a0b8b0868f3718aec5b47 for pr-74989
[INFO] running `Command { std: "git" "clone" "/workspace/cache/git-repos/https%3A%2F%2Fgithub.com%2F23marabi%2Fphysics-engine" "/workspace/builds/worker-1/source", kill_on_drop: false }`
[INFO] [stderr] Cloning into '/workspace/builds/worker-1/source'...
[INFO] [stderr] done.
[INFO] validating manifest of git repo https://github.com/23marabi/physics-engine on toolchain 72f88fc4e9458f89516a0b8b0868f3718aec5b47
[INFO] running `Command { std: "/workspace/cargo-home/bin/cargo" "+72f88fc4e9458f89516a0b8b0868f3718aec5b47" "read-manifest" "--manifest-path" "Cargo.toml", kill_on_drop: false }`
[INFO] started tweaking git repo https://github.com/23marabi/physics-engine
[INFO] finished tweaking git repo https://github.com/23marabi/physics-engine
[INFO] tweaked toml for git repo https://github.com/23marabi/physics-engine written to /workspace/builds/worker-1/source/Cargo.toml
[INFO] crate git repo https://github.com/23marabi/physics-engine already has a lockfile, it will not be regenerated
[INFO] running `Command { std: "/workspace/cargo-home/bin/cargo" "+72f88fc4e9458f89516a0b8b0868f3718aec5b47" "fetch" "--locked" "--manifest-path" "Cargo.toml", kill_on_drop: false }`
[INFO] running `Command { std: "docker" "create" "-v" "/var/lib/crater-agent-workspace/builds/worker-1/target:/opt/rustwide/target:rw,Z" "-v" "/var/lib/crater-agent-workspace/builds/worker-1/source:/opt/rustwide/workdir:ro,Z" "-v" "/var/lib/crater-agent-workspace/cargo-home:/opt/rustwide/cargo-home:ro,Z" "-v" "/var/lib/crater-agent-workspace/rustup-home:/opt/rustwide/rustup-home:ro,Z" "-e" "SOURCE_DIR=/opt/rustwide/workdir" "-e" "CARGO_TARGET_DIR=/opt/rustwide/target" "-e" "CARGO_HOME=/opt/rustwide/cargo-home" "-e" "RUSTUP_HOME=/opt/rustwide/rustup-home" "-w" "/opt/rustwide/workdir" "-m" "1610612736" "--user" "0:0" "--network" "none" "rustops/crates-build-env@sha256:d92eaeed33fa75130ca1ee6c8a01d1ffb62bac859dfdfb3450e3e5d1c0146529" "/opt/rustwide/cargo-home/bin/cargo" "+72f88fc4e9458f89516a0b8b0868f3718aec5b47" "metadata" "--no-deps" "--format-version=1", kill_on_drop: false }`
[INFO] [stdout] 752b292c2ea820b40238727d0e767aed09ea5ce4ac37ed38548875858a6306ad
[INFO] [stderr] WARNING: Your kernel does not support swap limit capabilities or the cgroup is not mounted. Memory limited without swap.
[INFO] running `Command { std: "docker" "start" "-a" "752b292c2ea820b40238727d0e767aed09ea5ce4ac37ed38548875858a6306ad", kill_on_drop: false }`
[INFO] running `Command { std: "docker" "inspect" "752b292c2ea820b40238727d0e767aed09ea5ce4ac37ed38548875858a6306ad", kill_on_drop: false }`
[INFO] running `Command { std: "docker" "rm" "-f" "752b292c2ea820b40238727d0e767aed09ea5ce4ac37ed38548875858a6306ad", kill_on_drop: false }`
[INFO] [stdout] 752b292c2ea820b40238727d0e767aed09ea5ce4ac37ed38548875858a6306ad
[INFO] running `Command { std: "docker" "create" "-v" "/var/lib/crater-agent-workspace/builds/worker-1/target:/opt/rustwide/target:rw,Z" "-v" "/var/lib/crater-agent-workspace/builds/worker-1/source:/opt/rustwide/workdir:ro,Z" "-v" "/var/lib/crater-agent-workspace/cargo-home:/opt/rustwide/cargo-home:ro,Z" "-v" "/var/lib/crater-agent-workspace/rustup-home:/opt/rustwide/rustup-home:ro,Z" "-e" "SOURCE_DIR=/opt/rustwide/workdir" "-e" "CARGO_TARGET_DIR=/opt/rustwide/target" "-e" "CARGO_INCREMENTAL=0" "-e" "RUST_BACKTRACE=full" "-e" "RUSTFLAGS=--cap-lints=forbid" "-e" "CARGO_HOME=/opt/rustwide/cargo-home" "-e" "RUSTUP_HOME=/opt/rustwide/rustup-home" "-w" "/opt/rustwide/workdir" "-m" "1610612736" "--user" "0:0" "--network" "none" "rustops/crates-build-env@sha256:d92eaeed33fa75130ca1ee6c8a01d1ffb62bac859dfdfb3450e3e5d1c0146529" "/opt/rustwide/cargo-home/bin/cargo" "+72f88fc4e9458f89516a0b8b0868f3718aec5b47" "check" "--frozen" "--all" "--all-targets" "--message-format=json", kill_on_drop: false }`
[INFO] [stdout] 0e64a9f5e4b663efe9b6abbadc4860cafcb901916715bcfa5ff8db6297653239
[INFO] [stderr] WARNING: Your kernel does not support swap limit capabilities or the cgroup is not mounted. Memory limited without swap.
[INFO] running `Command { std: "docker" "start" "-a" "0e64a9f5e4b663efe9b6abbadc4860cafcb901916715bcfa5ff8db6297653239", kill_on_drop: false }`
[INFO] [stderr]    Compiling libc v0.2.69
[INFO] [stderr]    Compiling cc v1.0.52
[INFO] [stderr]    Compiling syn v1.0.19
[INFO] [stderr]    Compiling pkg-config v0.3.17
[INFO] [stderr]    Compiling serde v1.0.106
[INFO] [stderr]    Compiling rayon-core v1.7.0
[INFO] [stderr]     Checking fnv v1.0.6
[INFO] [stderr]    Compiling memoffset v0.5.4
[INFO] [stderr]    Compiling num-integer v0.1.42
[INFO] [stderr]    Compiling num-rational v0.2.4
[INFO] [stderr]    Compiling num-iter v0.1.40
[INFO] [stderr]     Checking miniz_oxide v0.3.6
[INFO] [stderr]     Checking deflate v0.8.4
[INFO] [stderr]     Checking crossbeam-utils v0.7.2
[INFO] [stderr]     Checking approx v0.3.2
[INFO] [stderr]     Checking ordered-float v1.0.2
[INFO] [stderr]     Checking line_drawing v0.7.0
[INFO] [stderr]     Checking crossbeam-queue v0.2.1
[INFO] [stderr]     Checking crossbeam-epoch v0.8.2
[INFO] [stderr]     Checking rusttype v0.8.3
[INFO] [stderr]    Compiling x11-dl v2.18.5
[INFO] [stderr]     Checking png v0.16.3
[INFO] [stderr]     Checking crossbeam-deque v0.7.3
[INFO] [stderr]     Checking tiff v0.4.0
[INFO] [stderr]     Checking rusttype v0.7.9
[INFO] [stderr]     Checking piston2d-graphics v0.36.0
[INFO] [stderr]     Checking andrew v0.2.1
[INFO] [stderr]     Checking nix v0.14.1
[INFO] [stderr]     Checking num_cpus v1.13.0
[INFO] [stderr]     Checking parking_lot_core v0.6.2
[INFO] [stderr]     Checking memmap v0.7.0
[INFO] [stderr]     Checking raw-window-handle v0.3.3
[INFO] [stderr]     Checking shared_library v0.1.9
[INFO] [stderr]     Checking osmesa-sys v0.1.2
[INFO] [stderr]    Compiling libloading v0.5.2
[INFO] [stderr]     Checking parking_lot v0.9.0
[INFO] [stderr]     Checking rayon v1.3.0
[INFO] [stderr]     Checking dlib v0.4.1
[INFO] [stderr]     Checking wayland-sys v0.21.13
[INFO] [stderr]     Checking glutin_glx_sys v0.1.6
[INFO] [stderr]     Checking jpeg-decoder v0.1.19
[INFO] [stderr]    Compiling serde_derive v1.0.106
[INFO] [stderr]     Checking image v0.23.4
[INFO] [stderr]     Checking wayland-commons v0.21.13
[INFO] [stderr]     Checking wayland-client v0.21.13
[INFO] [stderr]     Checking wayland-protocols v0.21.13
[INFO] [stderr]     Checking piston2d-opengl_graphics v0.72.0
[INFO] [stderr]     Checking smithay-client-toolkit v0.4.6
[INFO] [stderr]     Checking winit v0.19.5
[INFO] [stderr]     Checking pistoncore-input v0.28.0
[INFO] [stderr]     Checking glutin v0.21.2
[INFO] [stderr]     Checking pistoncore-window v0.44.0
[INFO] [stderr]     Checking pistoncore-event_loop v0.49.0
[INFO] [stderr]     Checking piston v0.49.0
[INFO] [stderr]     Checking pistoncore-glutin_window v0.63.0
[INFO] [stderr]     Checking physics v0.1.0 (/opt/rustwide/workdir)
[INFO] [stdout] error[E0609]: no field `velocity` on type `T`
[INFO] [stdout]   --> src/main.rs:71:26
[INFO] [stdout]    |
[INFO] [stdout] 69 | fn ResolveCollision<T>(A: T, B: T) {
[INFO] [stdout]    |                     - type parameter 'T' declared here
[INFO] [stdout] 70 |     //Calculate relative velocity
[INFO] [stdout] 71 |     let rv: Vec<f64> = B.velocity - A.velocity;
[INFO] [stdout]    |                          ^^^^^^^^
[INFO] [stdout] 
[INFO] [stdout] 
[INFO] [stdout] error[E0609]: no field `velocity` on type `T`
[INFO] [stdout]   --> src/main.rs:71:39
[INFO] [stdout]    |
[INFO] [stdout] 69 | fn ResolveCollision<T>(A: T, B: T) {
[INFO] [stdout]    |                     - type parameter 'T' declared here
[INFO] [stdout] 70 |     //Calculate relative velocity
[INFO] [stdout] 71 |     let rv: Vec<f64> = B.velocity - A.velocity;
[INFO] [stdout]    |                                       ^^^^^^^^
[INFO] [stdout] 
[INFO] [stdout] 
[INFO] [stdout] error[E0609]: no field `restitution` on type `T`
[INFO] [stdout]   --> src/main.rs:80:20
[INFO] [stdout]    |
[INFO] [stdout] 69 | fn ResolveCollision<T>(A: T, B: T) {
[INFO] [stdout]    |                     - type parameter 'T' declared here
[INFO] [stdout] ...
[INFO] [stdout] 80 |     let e: f64 = A.restitution.min(B.restitution);
[INFO] [stdout]    |                    ^^^^^^^^^^^
[INFO] [stdout] 
[INFO] [stdout] 
[INFO] [stdout] error[E0609]: no field `restitution` on type `T`
[INFO] [stdout]   --> src/main.rs:80:38
[INFO] [stdout]    |
[INFO] [stdout] 69 | fn ResolveCollision<T>(A: T, B: T) {
[INFO] [stdout]    |                     - type parameter 'T' declared here
[INFO] [stdout] ...
[INFO] [stdout] 80 |     let e: f64 = A.restitution.min(B.restitution);
[INFO] [stdout]    |                                      ^^^^^^^^^^^
[INFO] [stdout] 
[INFO] [stdout] 
[INFO] [stdout] error[E0609]: no field `velocity` on type `T`
[INFO] [stdout]   --> src/main.rs:71:26
[INFO] [stdout]    |
[INFO] [stdout] 69 | fn ResolveCollision<T>(A: T, B: T) {
[INFO] [stdout]    |                     - type parameter 'T' declared here
[INFO] [stdout] 70 |     //Calculate relative velocity
[INFO] [stdout] 71 |     let rv: Vec<f64> = B.velocity - A.velocity;
[INFO] [stdout]    |                          ^^^^^^^^
[INFO] [stdout] 
[INFO] [stdout] 
[INFO] [stdout] error[E0609]: no field `velocity` on type `T`
[INFO] [stdout]   --> src/main.rs:71:39
[INFO] [stdout]    |
[INFO] [stdout] 69 | fn ResolveCollision<T>(A: T, B: T) {
[INFO] [stdout]    |                     - type parameter 'T' declared here
[INFO] [stdout] 70 |     //Calculate relative velocity
[INFO] [stdout] 71 |     let rv: Vec<f64> = B.velocity - A.velocity;
[INFO] [stdout]    |                                       ^^^^^^^^
[INFO] [stdout] 
[INFO] [stdout] 
[INFO] [stdout] error[E0609]: no field `restitution` on type `T`
[INFO] [stdout]   --> src/main.rs:80:20
[INFO] [stdout]    |
[INFO] [stdout] 69 | fn ResolveCollision<T>(A: T, B: T) {
[INFO] [stdout]    |                     - type parameter 'T' declared here
[INFO] [stdout] ...
[INFO] [stdout] 80 |     let e: f64 = A.restitution.min(B.restitution);
[INFO] [stdout]    |                    ^^^^^^^^^^^
[INFO] [stdout] 
[INFO] [stdout] 
[INFO] [stdout] error[E0609]: no field `restitution` on type `T`
[INFO] [stdout]   --> src/main.rs:80:38
[INFO] [stdout]    |
[INFO] [stdout] 69 | fn ResolveCollision<T>(A: T, B: T) {
[INFO] [stdout]    |                     - type parameter 'T' declared here
[INFO] [stdout] ...
[INFO] [stdout] 80 |     let e: f64 = A.restitution.min(B.restitution);
[INFO] [stdout]    |                                      ^^^^^^^^^^^
[INFO] [stdout] 
[INFO] [stdout] 
[INFO] [stdout] error[E0277]: cannot add `f64` to `{integer}`
[INFO] [stdout]   --> src/main.rs:83:25
[INFO] [stdout]    |
[INFO] [stdout] 83 |     let mut j: f64 = -(1+e) * velAlongNormal;
[INFO] [stdout]    |                         ^ no implementation for `{integer} + f64`
[INFO] [stdout]    |
[INFO] [stdout]    = help: the trait `std::ops::Add<f64>` is not implemented for `{integer}`
[INFO] [stdout] 
[INFO] [stdout] 
[INFO] [stdout] error[E0609]: no field `mass` on type `T`
[INFO] [stdout]   --> src/main.rs:84:18
[INFO] [stdout]    |
[INFO] [stdout] 69 | fn ResolveCollision<T>(A: T, B: T) {
[INFO] [stdout]    |                     - type parameter 'T' declared here
[INFO] [stdout] ...
[INFO] [stdout] 84 |     j /= 1.0 / A.mass + 1.0 / B.mass;
[INFO] [stdout]    |                  ^^^^
[INFO] [stdout] 
[INFO] [stdout] 
[INFO] [stdout] error[E0609]: no field `mass` on type `T`
[INFO] [stdout]   --> src/main.rs:84:33
[INFO] [stdout]    |
[INFO] [stdout] 69 | fn ResolveCollision<T>(A: T, B: T) {
[INFO] [stdout]    |                     - type parameter 'T' declared here
[INFO] [stdout] ...
[INFO] [stdout] 84 |     j /= 1.0 / A.mass + 1.0 / B.mass;
[INFO] [stdout]    |                                 ^^^^
[INFO] [stdout] 
[INFO] [stdout] 
[INFO] [stdout] error[E0609]: no field `velocity` on type `T`
[INFO] [stdout]   --> src/main.rs:88:7
[INFO] [stdout]    |
[INFO] [stdout] 69 | fn ResolveCollision<T>(A: T, B: T) {
[INFO] [stdout]    |                     - type parameter 'T' declared here
[INFO] [stdout] ...
[INFO] [stdout] 88 |     A.velocity -= 1.0 / A.mass * impulse;
[INFO] [stdout]    |       ^^^^^^^^
[INFO] [stdout] 
[INFO] [stdout] 
[INFO] [stdout] error[E0609]: no field `mass` on type `T`
[INFO] [stdout]   --> src/main.rs:88:27
[INFO] [stdout]    |
[INFO] [stdout] 69 | fn ResolveCollision<T>(A: T, B: T) {
[INFO] [stdout]    |                     - type parameter 'T' declared here
[INFO] [stdout] ...
[INFO] [stdout] 88 |     A.velocity -= 1.0 / A.mass * impulse;
[INFO] [stdout]    |                           ^^^^
[INFO] [stdout] 
[INFO] [stdout] 
[INFO] [stdout] error[E0277]: cannot add `f64` to `{integer}`
[INFO] [stdout]   --> src/main.rs:83:25
[INFO] [stdout]    |
[INFO] [stdout] 83 |     let mut j: f64 = -(1+e) * velAlongNormal;
[INFO] [stdout]    |                         ^ no implementation for `{integer} + f64`
[INFO] [stdout]    |
[INFO] [stdout]    = help: the trait `std::ops::Add<f64>` is not implemented for `{integer}`
[INFO] [stdout] 
[INFO] [stdout] 
[INFO] [stdout] error[E0609]: no field `velocity` on type `T`
[INFO] [stdout]   --> src/main.rs:89:7
[INFO] [stdout]    |
[INFO] [stdout] 69 | fn ResolveCollision<T>(A: T, B: T) {
[INFO] [stdout]    |                     - type parameter 'T' declared here
[INFO] [stdout] ...
[INFO] [stdout] 89 |     B.velocity += 1.0 / B.mass * impulse;
[INFO] [stdout]    |       ^^^^^^^^
[INFO] [stdout] 
[INFO] [stdout] 
[INFO] [stdout] error[E0609]: no field `mass` on type `T`
[INFO] [stdout]   --> src/main.rs:89:27
[INFO] [stdout]    |
[INFO] [stdout] 69 | fn ResolveCollision<T>(A: T, B: T) {
[INFO] [stdout]    |                     - type parameter 'T' declared here
[INFO] [stdout] ...
[INFO] [stdout] 89 |     B.velocity += 1.0 / B.mass * impulse;
[INFO] [stdout]    |                           ^^^^
[INFO] [stdout] 
[INFO] [stdout] 
[INFO] [stdout] error[E0609]: no field `mass` on type `T`
[INFO] [stdout]   --> src/main.rs:84:18
[INFO] [stdout]    |
[INFO] [stdout] 69 | fn ResolveCollision<T>(A: T, B: T) {
[INFO] [stdout]    |                     - type parameter 'T' declared here
[INFO] [stdout] ...
[INFO] [stdout] 84 |     j /= 1.0 / A.mass + 1.0 / B.mass;
[INFO] [stdout]    |                  ^^^^
[INFO] [stdout] 
[INFO] [stdout] 
[INFO] [stdout] error[E0609]: no field `mass` on type `T`
[INFO] [stdout]   --> src/main.rs:84:33
[INFO] [stdout]    |
[INFO] [stdout] 69 | fn ResolveCollision<T>(A: T, B: T) {
[INFO] [stdout]    |                     - type parameter 'T' declared here
[INFO] [stdout] ...
[INFO] [stdout] 84 |     j /= 1.0 / A.mass + 1.0 / B.mass;
[INFO] [stdout]    |                                 ^^^^
[INFO] [stdout] 
[INFO] [stdout] 
[INFO] [stdout] error[E0609]: no field `velocity` on type `T`
[INFO] [stdout]   --> src/main.rs:88:7
[INFO] [stdout]    |
[INFO] [stdout] 69 | fn ResolveCollision<T>(A: T, B: T) {
[INFO] [stdout]    |                     - type parameter 'T' declared here
[INFO] [stdout] ...
[INFO] [stdout] 88 |     A.velocity -= 1.0 / A.mass * impulse;
[INFO] [stdout]    |       ^^^^^^^^
[INFO] [stdout] 
[INFO] [stdout] 
[INFO] [stdout] error[E0609]: no field `mass` on type `T`
[INFO] [stdout]   --> src/main.rs:88:27
[INFO] [stdout]    |
[INFO] [stdout] 69 | fn ResolveCollision<T>(A: T, B: T) {
[INFO] [stdout]    |                     - type parameter 'T' declared here
[INFO] [stdout] ...
[INFO] [stdout] 88 |     A.velocity -= 1.0 / A.mass * impulse;
[INFO] [stdout]    |                           ^^^^
[INFO] [stdout] 
[INFO] [stdout] 
[INFO] [stdout] error[E0609]: no field `velocity` on type `T`
[INFO] [stdout]   --> src/main.rs:89:7
[INFO] [stdout]    |
[INFO] [stdout] 69 | fn ResolveCollision<T>(A: T, B: T) {
[INFO] [stdout]    |                     - type parameter 'T' declared here
[INFO] [stdout] ...
[INFO] [stdout] 89 |     B.velocity += 1.0 / B.mass * impulse;
[INFO] [stdout]    |       ^^^^^^^^
[INFO] [stdout] 
[INFO] [stdout] 
[INFO] [stdout] error[E0609]: no field `mass` on type `T`
[INFO] [stdout]   --> src/main.rs:89:27
[INFO] [stdout]    |
[INFO] [stdout] 69 | fn ResolveCollision<T>(A: T, B: T) {
[INFO] [stdout]    |                     - type parameter 'T' declared here
[INFO] [stdout] ...
[INFO] [stdout] 89 |     B.velocity += 1.0 / B.mass * impulse;
[INFO] [stdout]    |                           ^^^^
[INFO] [stdout] 
[INFO] [stdout] 
[INFO] [stdout] error: aborting due to 11 previous errors
[INFO] [stdout] 
[INFO] [stdout] 
[INFO] [stdout] Some errors have detailed explanations: E0277, E0609.
[INFO] [stdout] 
[INFO] [stdout] For more information about an error, try `rustc --explain E0277`.
[INFO] [stdout] 
[INFO] [stdout] error: aborting due to 11 previous errors
[INFO] [stdout] 
[INFO] [stdout] 
[INFO] [stdout] Some errors have detailed explanations: E0277, E0609.
[INFO] [stdout] 
[INFO] [stdout] For more information about an error, try `rustc --explain E0277`.
[INFO] [stdout] 
[INFO] [stderr] error: could not compile `physics`.
[INFO] [stderr] 
[INFO] [stderr] To learn more, run the command again with --verbose.
[INFO] [stderr] warning: build failed, waiting for other jobs to finish...
[INFO] [stderr] error: build failed
[INFO] running `Command { std: "docker" "inspect" "0e64a9f5e4b663efe9b6abbadc4860cafcb901916715bcfa5ff8db6297653239", kill_on_drop: false }`
[INFO] running `Command { std: "docker" "rm" "-f" "0e64a9f5e4b663efe9b6abbadc4860cafcb901916715bcfa5ff8db6297653239", kill_on_drop: false }`
[INFO] [stdout] 0e64a9f5e4b663efe9b6abbadc4860cafcb901916715bcfa5ff8db6297653239
